 -9. Suppose -b - 24 = -4*d, -3*d + 37 = -3*b + 2*d. List the prime factors of b/(-4) + j*2.
17
Let x = 10 + -8. Let i(o) = -5 + 3 + x - 16*o. List the prime factors of i(-1).
2
Let b(g) = -g**2 - 6*g - 2. Let p be b(-5). Suppose -p*r = -3*h - 2 - 4, 4*h + 13 = -r. What are the prime factors of (h/5)/((-2)/30)?
3
Let h be (-2)/(-5) - (-12)/(-30). Let y(s) = h*s - 7 + s + 2*s. What are the prime factors of y(7)?
2, 7
Let a(u) = 3*u - 12. Suppose -55 = 2*c - 7*c. What are the prime factors of a(c)?
3, 7
Let s be (4/(-12) - -1)*6. Suppose 70 = s*n - 10. What are the prime factors of n?
2, 5
Let m be (-2 + 10)/((-2)/2). Let c = -2 - m. What are the prime factors of c?
2, 3
Suppose 2*n = -2 - 10. Let i(x) = x**3 + 8*x**2 + 9*x. What are the prime factors of i(n)?
2, 3
Let o be (-1)/(-1)*5*1. Suppose 3*p - 14 - 3 = 4*z, 5*z = -3*p - 1. Suppose -o*u = p*i - u - 25, -4*u = -4*i + 52. List the prime factors of i.
11
Let d(k) = -k + 8. Let a be d(6). Suppose -2 = -s + 4*q, -a*s = 5*q + 26 - 4. List the prime factors of (-1)/(15/s + 2).
2
Suppose 2*b + 5*x = -95, 0*b - 5*x = 5*b + 200. Let d = b - -80. List the prime factors of d.
3, 5
Let a be 1*(4 - (-2 - -1)). Suppose 3*j - 28 = j. Let q = j - a. List the prime factors of q.
3
Suppose 3*g - w = 61, 7*g + 5*w - 56 = 3*g. List the prime factors of g.
19
Let m(l) = 5*l**3 + 3*l**2 - 3*l + 7. What are the prime factors of m(3)?
2, 5
Let w(g) = -3*g**2 - 2*g + 2. Let t be w(2). Let h = t + 27. Suppose h + 11 = 4*d. What are the prime factors of d?
2, 3
Suppose -m = -4*r + 215, 2*r + 4*m = -2*r + 220. What are the prime factors of r?
2, 3
Let c be 22/(-121) - (-92)/22. Suppose -x = c*x - 90. List the prime factors of x.
2, 3
Suppose -6*d + 809 + 253 = 0. List the prime factors of d.
3, 59
Let a = 12 - 7. Let o(u) = -u**3 + 8*u**2 + u - 11. Let r be o(8). Let t = a + r. What are the prime factors of t?
2
Let c(w) = w**3 + 19*w**2 + 2*w - 38. List the prime factors of c(-18).
2, 5
Suppose -2*z - 3*f + 4 = 0, 2*z - 2*f + 1 - 15 = 0. Suppose 29 + 36 = z*s. List the prime factors of s.
13
Suppose -2*p + 1 + 3 = 0. List the prime factors of 2 + p + -2 - -1.
3
Suppose -b + 240 = 3*b + 4*r, 0 = -b - 5*r + 48. What are the prime factors of b?
3, 7
Suppose -19*i + 23*i = 256. What are the prime factors of i?
2
Suppose -2*f - 3*f + 102 = -w, 0 = 5*f + 3*w - 94. List the prime factors of ((-12)/10)/((-1)/f).
2, 3
Suppose h - 4*h = -6. Suppose c - 45 = -2*c. Suppose -3*b = c, h*r + b - 8 = -1. List the prime factors of r.
2, 3
Suppose -4*m - c + 9 = 0, 2*m + c - 3 = -0*c. List the prime factors of (11/2 - m)*10.
5
Let o = 11 + -9. Suppose -o*y + 12 = y, x + 2*y = 32. What are the prime factors of x?
2, 3
Let x = -13 + 35. Suppose j + 3*f - 18 = -2, 5*j + 3*f - 68 = 0. Let p = x - j. What are the prime factors of p?
3
Let v = 193 + -88. Suppose m = 6*m - v. What are the prime factors of m?
3, 7
Let a = 111 - 49. List the prime factors of a.
2, 31
Let h(k) = -k + 13. Let v be h(11). List the prime factors of v - -4 - (-2)/(-1).
2
Let a = 57 + -38. Suppose 0 = x - 5*d + 20, 2*d - 1 = 9. Suppose l + x = a. List the prime factors of l.
2, 7
Let k be 62/(-3) + 2/3. Let v be (-24)/k*15*1. What are the prime factors of v*(0 - (-2)/3)?
2, 3
Let k = 162 - -15. What are the prime factors of k?
3, 59
Suppose 6*v - 15 = v. What are the prime factors of v?
3
Let y(m) = -11*m - 4. Let a be y(-3). Suppose -45 = 4*o + 5*b - 4, 0 = -o - 5*b - a. Let p(z) = -2*z + 5. What are the prime factors of p(o)?
13
Let w = -24 - -14. Let d = -8 - w. List the prime factors of d.
2
Suppose 5*m + 30 = 2*v - 29, -3*v + 101 = -5*m. What are the prime factors of v?
2, 3, 7
Suppose 0 = -3*k - s + 134, 2 = -2*s - 6. What are the prime factors of k?
2, 23
Let l be (-4)/22 + (-1128)/88. Let a = 38 + l. Suppose 5*t = a + 5. List the prime factors of t.
2, 3
Suppose 7*u = 3*u + 32. Let w(s) = -s**2 + s + 2. Let i be w(2). List the prime factors of 1*(-3 - (i - u)).
5
Let c(r) = r**2 - 2*r + 71. List the prime factors of c(0).
71
Let r be (0 - 0) + 0/(-10). Let s(j) = j**3 - 4*j**2 + 2*j. Let y be s(3). Let w = r - y. List the prime factors of w.
3
Suppose 2*c + 0*p - 3 = -p, -2*p = -c + 9. Suppose -c*u + u = -54. What are the prime factors of u?
3
Let t(q) = -q**2 - 7*q - 4. Let z be t(-5). Let a(p) = p - 3. Let m be a(z). Suppose 27 = m*c - 3*u, -c + 0*u - 6 = 4*u. What are the prime factors of c?
2, 3
Let u be 13 + -1 + (0 - -1). Suppose 5*j + w = 35, -7*j - 2*w + 14 = -4*j. Let o = u - j. List the prime factors of o.
5
Suppose 5*w + 3*y = 762, -2*w + 5*w - 454 = -y. List the prime factors of w.
2, 3, 5
Let v(u) be the first derivative of -u**4/4 + 5*u**3/3 + u**2 - 4*u + 3. Suppose 0 = 2*h - t - 14, -4*h + 3*h + 25 = -5*t. List the prime factors of v(h).
2, 3
Let i(n) be the first derivative of -n**4/4 + 4*n**3/3 - n**2 + n + 1. Let g be i(3). Suppose g*a = -a + 65. What are the prime factors of a?
13
Suppose -4*n + 24 = -2*f, -2*f = -f - 5*n + 15. Suppose 5*w = d - 27, 2*d + 3*d - 54 = -2*w. List the prime factors of (d/f)/((-2)/20).
2, 3
Suppose 0 = -6*a - 30 + 138. What are the prime factors of a?
2, 3
Let j(a) = -7*a + 29. List the prime factors of j(-9).
2, 23
Let g(s) = 3*s**2 - 7*s. Let r be g(5). Suppose -115 + r = -5*w. Suppose 0*c = c - w. What are the prime factors of c?
3, 5
Suppose 23*q + 875 = 28*q. List the prime factors of q.
5, 7
Suppose 0 = -2*g + 3*d + 2*d - 61, -3*g - 59 = -d. Let q be (g/(-15))/(4/10). Suppose -24 = -4*u + 4*j + 4, q*u - 4*j - 16 = 0. List the prime factors of u.
2, 3
Let a = 86 + 19. What are the prime factors of a?
3, 5, 7
Suppose 0*h = 2*h. List the prime factors of h + (-1 - -2) - -10.
11
Let s(y) = 2*y**3 + 3*y**2 - 1. Let v = 0 - 2. Let b be s(v). Let w = -1 - b. What are the prime factors of w?
2
List the prime factors of ((-52)/10 - -4)/(4/(-90)).
3
Suppose -5 + 19 = a. Let r = -7 + a. What are the prime factors of r?
7
Let m = 11 + -1. Suppose -2*h - 4*i = -m, 5*i + 23 = h - 3. Let v = h - 1. List the prime factors of v.
2, 5
Let s = -1 - -1. Let g(q) = 2*q - 18. Let v be g(12). Suppose x = v - s. List the prime factors of x.
2, 3
Let v(l) = 3*l - 3*l + l**2 - 7*l + 5. Let m be v(8). Suppose -b + m = 3. List the prime factors of b.
2, 5
Suppose 0*o = -3*o + 9. Suppose 4*u - o*u = -4*j + 8, -5*u + 3*j + 63 = 0. What are the prime factors of u?
2, 3
Let h = 86 + 3. What are the prime factors of h?
89
Suppose l = 5*l - 24. Suppose j - l*j = -5. Let p = j + 13. List the prime factors of p.
2, 7
Let y(j) = -j**3 + 16*j**2 - 5*j + 20. What are the prime factors of y(15)?
2, 5, 17
Let w = -1 + -5. Suppose 4*t - 2*z = -26 + 10, -3*z = t - 3. What are the prime factors of 63/w*2/t?
7
Let u be 507/9 + 3/(-9). Suppose 3*s - 4 = 2*s, 4*o - s = u. List the prime factors of o.
3, 5
Let k be (-4)/(4/3 + -2). Let s = 17 - k. List the prime factors of s.
11
Let g(w) = w - 7. Let p(b) = b**2 - 8*b. Let n be p(9). What are the prime factors of g(n)?
2
Let y = 2 + 1. Suppose s = -3*u + 36, -y*s + 36 = 3*u - s. List the prime factors of u.
2, 3
Suppose -5*r = -5*p - 30, -r + 4*p + 2 = -1. What are the prime factors of r?
7
Let z be (6/(-12))/((-2)/36). Let f = z + -7. List the prime factors of -2 + -1 + (23 - f).
2, 3
Suppose -3*v - 1 + 4 = 0. List the prime factors of (v - 0)/(2/22).
11
Let u(g) = -2*g + 12. Let k be u(9). Let f = 8 + k. Suppose -2*v + r - 2*r + 14 = 0, -f*r + 10 = v. List the prime factors of v.
2, 3
Suppose 5*w + 4*x - 535 = 0, -39 - 177 = -2*w - 2*x. What are the prime factors of w?
103
Let j = -21 - -21. Suppose -2*r = -5*u + 14, -3*u - 4*r = -u + 4. Suppose j = -u*w + 2 + 4. List the prime factors of w.
3
Suppose 4*v - 2*b + 10 = -68, -9 = -3*b. What are the prime factors of v/(-10)*(4 + 1)?
3
Let d = 31 + -2. List the prime factors of d.
29
Suppose 5*c + 4*i = -42, 26 = -4*c + 2*c + 3*i. Let g = -7 - c. List the prime factors of g.
3
Let q = -5 - -8. Suppose i + q*i = -4*c + 24, -2*i + 18 = 5*c. List the prime factors of c.
2
Let u = 2 - -10. Suppose -5*z + 3*z + u = 0. List the prime factors of z.
2, 3
Let j = 12 - -301. List the prime factors of j.
313
Suppose -66 = 5*q - 6*q. List the prime factors of q.
2, 3, 11
List the prime factors of 15/30*(-12)/(-2).
3
Let c = -390 + 570. What are the prime fac